{"id":70,"date":"2019-03-03T13:47:19","date_gmt":"2019-03-03T13:47:19","guid":{"rendered":"http:\/\/e-ducadores.org\/escuela\/?page_id=70"},"modified":"2020-09-20T20:28:28","modified_gmt":"2020-09-20T20:28:28","slug":"como-funciona-la-escuela-virtual","status":"publish","type":"page","link":"https:\/\/e-ducadores.org\/escuela\/como-funciona-la-escuela-virtual\/","title":{"rendered":"\u00bfC\u00f3mo funciona la Escuela Virtual?"},"content":{"rendered":"<p style=\"text-align: center;\"><img loading=\"lazy\" class=\"aligncenter wp-image-89 size-full\" src=\"http:\/\/e-ducadores.org\/escuela\/wp-content\/uploads\/2019\/03\/comofunciona.jpg\" alt=\"\" width=\"586\" height=\"303\" srcset=\"https:\/\/e-ducadores.org\/escuela\/wp-content\/uploads\/2019\/03\/comofunciona.jpg 586w, https:\/\/e-ducadores.org\/escuela\/wp-content\/uploads\/2019\/03\/comofunciona-300x155.jpg 300w\" sizes=\"(max-width: 586px) 100vw, 586px\" \/><\/p>\n<p>&nbsp;<\/p>\n<p>Esta iniciativa est\u00e1 pensada para\u00a0educadores en general\u00a0que quieran crecer personal y profesionalmente.<\/p>\n<p>A la\u00a0Escuela Virtual\u00a0se puede acceder desde cualquier regi\u00f3n geogr\u00e1fica y en cualquier horario, las 24 horas al d\u00eda, los 7 d\u00edas a la semana, brindando la posibilidad de estudiar al propio ritmo y en el horario m\u00e1s c\u00f3modo.<\/p>\n<p>Con tutores virtuales que acompa\u00f1ar\u00e1n, en forma personalizada a los estudiantes y realizar\u00e1n, semanalmente, las devoluciones y responder\u00e1n a todas sus consultas.<\/p>\n<p>E la escuela se trabajar\u00e1, con diversos recursos, herramientas y entornos virtuales, para lograr un aprendizaje integral y colaborativo junto a educadores de diferentes lugares del mundo.<\/p>\n<p>Acompa\u00f1an en la cursada un Equipo Docente,\u00a0de Tutores e Invitados especiales, reconocidos internacionalmente.<\/p>\n<p><strong>CON CERTIFICACI\u00d3N del Programa e-ducadores (reconocido internacionalmente y avalado por diferentes instituciones educativas que nos acompa\u00f1an desde el a\u00f1o 2012).<\/strong><\/p>\n<p>&nbsp;<\/p>\n<blockquote>\n<h4><span style=\"color: #800000;\">INICIA HOY MISMO!!!!<br \/>\nPASA A FORMAR PARTE DE NUESTRA \u00abFAMILIA ESCOLAR INTERNACIONAL\u00bb.<\/span><\/h4>\n<p>&nbsp;<\/p><\/blockquote>\n<p><span style=\"color: #ff0000;\"><em><strong>ACCEDE AL FORMULARIO DE INSCRIPCI\u00d3N <a href=\"https:\/\/goo.gl\/forms\/809RpbHwC455wNio2\">AQU\u00cd<\/a>.<\/strong><\/em><\/span><\/p>\n<p>M\u00e1s informaci\u00f3n: programaeducadores@gmail.com<\/p>\n<div class=\"pvc_clear\"><\/div>\n<p class=\"pvc_stats all \" data-element-id=\"70\" style=\"\"><i class=\"pvc-stats-icon medium\" aria-hidden=\"true\"><svg aria-hidden=\"true\" focusable=\"false\" data-prefix=\"far\" data-icon=\"chart-bar\" role=\"img\" xmlns=\"http:\/\/www.w3.org\/2000\/svg\" viewBox=\"0 0 512 512\" class=\"svg-inline--fa fa-chart-bar fa-w-16 fa-2x\"><path fill=\"currentColor\" d=\"M396.8 352h22.4c6.4 0 12.8-6.4 12.8-12.8V108.8c0-6.4-6.4-12.8-12.8-12.8h-22.4c-6.4 0-12.8 6.4-12.8 12.8v230.4c0 6.4 6.4 12.8 12.8 12.8zm-192 0h22.4c6.4 0 12.8-6.4 12.8-12.8V140.8c0-6.4-6.4-12.8-12.8-12.8h-22.4c-6.4 0-12.8 6.4-12.8 12.8v198.4c0 6.4 6.4 12.8 12.8 12.8zm96 0h22.4c6.4 0 12.8-6.4 12.8-12.8V204.8c0-6.4-6.4-12.8-12.8-12.8h-22.4c-6.4 0-12.8 6.4-12.8 12.8v134.4c0 6.4 6.4 12.8 12.8 12.8zM496 400H48V80c0-8.84-7.16-16-16-16H16C7.16 64 0 71.16 0 80v336c0 17.67 14.33 32 32 32h464c8.84 0 16-7.16 16-16v-16c0-8.84-7.16-16-16-16zm-387.2-48h22.4c6.4 0 12.8-6.4 12.8-12.8v-70.4c0-6.4-6.4-12.8-12.8-12.8h-22.4c-6.4 0-12.8 6.4-12.8 12.8v70.4c0 6.4 6.4 12.8 12.8 12.8z\" class=\"\"><\/path><\/svg><\/i> &nbsp;1,854&nbsp;total views, &nbsp;1&nbsp;views today<\/p>\n<div class=\"pvc_clear\"><\/div>\n","protected":false},"excerpt":{"rendered":"<p>&nbsp; Esta iniciativa est\u00e1 pensada para\u00a0educadores en general\u00a0que quieran crecer personal y profesionalmente. A la\u00a0Escuela Virtual\u00a0se puede acceder desde cualquier<\/p>\n<div class=\"pvc_clear\"><\/div>\n<p class=\"pvc_stats all \" data-element-id=\"70\" style=\"\"><i class=\"pvc-stats-icon medium\" aria-hidden=\"true\"><svg aria-hidden=\"true\" focusable=\"false\" data-prefix=\"far\" data-icon=\"chart-bar\" role=\"img\" xmlns=\"http:\/\/www.w3.org\/2000\/svg\" viewBox=\"0 0 512 512\" class=\"svg-inline--fa fa-chart-bar fa-w-16 fa-2x\"><path fill=\"currentColor\" d=\"M396.8 352h22.4c6.4 0 12.8-6.4 12.8-12.8V108.8c0-6.4-6.4-12.8-12.8-12.8h-22.4c-6.4 0-12.8 6.4-12.8 12.8v230.4c0 6.4 6.4 12.8 12.8 12.8zm-192 0h22.4c6.4 0 12.8-6.4 12.8-12.8V140.8c0-6.4-6.4-12.8-12.8-12.8h-22.4c-6.4 0-12.8 6.4-12.8 12.8v198.4c0 6.4 6.4 12.8 12.8 12.8zm96 0h22.4c6.4 0 12.8-6.4 12.8-12.8V204.8c0-6.4-6.4-12.8-12.8-12.8h-22.4c-6.4 0-12.8 6.4-12.8 12.8v134.4c0 6.4 6.4 12.8 12.8 12.8zM496 400H48V80c0-8.84-7.16-16-16-16H16C7.16 64 0 71.16 0 80v336c0 17.67 14.33 32 32 32h464c8.84 0 16-7.16 16-16v-16c0-8.84-7.16-16-16-16zm-387.2-48h22.4c6.4 0 12.8-6.4 12.8-12.8v-70.4c0-6.4-6.4-12.8-12.8-12.8h-22.4c-6.4 0-12.8 6.4-12.8 12.8v70.4c0 6.4 6.4 12.8 12.8 12.8z\" class=\"\"><\/path><\/svg><\/i> &nbsp;1,854&nbsp;total views, &nbsp;1&nbsp;views today<\/p>\n<div class=\"pvc_clear\"><\/div>\n","protected":false},"author":1,"featured_media":0,"parent":0,"menu_order":0,"comment_status":"closed","ping_status":"closed","template":"","meta":[],"_links":{"self":[{"href":"https:\/\/e-ducadores.org\/escuela\/wp-json\/wp\/v2\/pages\/70"}],"collection":[{"href":"https:\/\/e-ducadores.org\/escuela\/wp-json\/wp\/v2\/pages"}],"about":[{"href":"https:\/\/e-ducadores.org\/escuela\/wp-json\/wp\/v2\/types\/page"}],"author":[{"embeddable":true,"href":"https:\/\/e-ducadores.org\/escuela\/wp-json\/wp\/v2\/users\/1"}],"replies":[{"embeddable":true,"href":"https:\/\/e-ducadores.org\/escuela\/wp-json\/wp\/v2\/comments?post=70"}],"version-history":[{"count":17,"href":"https:\/\/e-ducadores.org\/escuela\/wp-json\/wp\/v2\/pages\/70\/revisions"}],"predecessor-version":[{"id":305,"href":"https:\/\/e-ducadores.org\/escuela\/wp-json\/wp\/v2\/pages\/70\/revisions\/305"}],"wp:attachment":[{"href":"https:\/\/e-ducadores.org\/escuela\/wp-json\/wp\/v2\/media?parent=70"}],"curies":[{"name":"wp","href":"https:\/\/api.w.org\/{rel}","templated":true}]}}