{"id":113,"date":"2019-03-04T01:17:20","date_gmt":"2019-03-04T01:17:20","guid":{"rendered":"http:\/\/e-ducadores.org\/escuela\/?page_id=113"},"modified":"2020-03-03T21:28:37","modified_gmt":"2020-03-03T21:28:37","slug":"opiniones","status":"publish","type":"page","link":"https:\/\/e-ducadores.org\/escuela\/opiniones\/","title":{"rendered":"Opiniones"},"content":{"rendered":"<p>Invitamos, a algunos de nuestros alumnos, a brindarnos una opini\u00f3n con respecto a sus recorridos y experiencia en la EV. de Rob\u00f3tica.<\/p>\n<p>Esto es lo que ellos nos dicen acerca de aprender en una de nuestras \u00abEscuelas Virtuales\u00bb del Programa e-ducadores:<\/p>\n<p>&nbsp;<\/p>\n<blockquote><p>\u00abMe parece muy interesante todo lo que proponen. Bien graduado, con materiales atractivos, con actividades complementarias muy creativas\u00bb &#8211; Mar\u00eda Isabel Presso.<\/p>\n<p>\u00abQuiero compartirles c\u00f3mo me he sentido participando en la Escuela Virtual&#8230; Sabemos hoy por hoy, la importancia de adquirir las destrezas, habilidades y competencias necesarias para el siglo XXI, muchos hemos sido agentes educativos an\u00e1logos y debemos compartir espacios de aprendizajes con estudiantes que en su mayor\u00eda son digitales&#8230; \u00bfc\u00f3mo hacerlo de manera efectiva?&#8230; pues lo m\u00e1s sencillo es dejarte llevar por esa PASI\u00d3N que es ser MAESTRO, cuando se quiere lo que se hace, te exige enfrentar retos y uno de ellos es desaprender para aprender de nuevo.<br \/>\nHemos tenido la fortuna de contar con un acompa\u00f1amiento pedag\u00f3gico constante, adem\u00e1s de construir aprendizajes de manera conjunta, ya que pertenecemos al grupo una gran variedad de docentes de diferentes partes del mundo, lo que lo hace plural, diverso y donde se aportan una gran cantidad de estrategias, t\u00e9cnicas, actividades&#8230; es una excelente oportunidad para conectar experiencias y replicar en cada contexto las que creamos m\u00e1s convenientes\u00bb. No me canso de agradecer esta oportunidad brindada y de todo lo que he podido aprender hasta este momento. Muchas bendiciones!\u00bb &#8211;\u00a0<span class=\"qu\" tabindex=\"-1\" role=\"gridcell\"><span class=\"gD\" data-hovercard-id=\"tutoravirtualclaudiaj@gmail.com\" data-hovercard-owner-id=\"23\">Claudia Patricia Jim\u00e9nez Mart\u00ednez (Medell\u00edn &#8211; Colombia).<\/span><\/span><\/p>\n<p>\u00bb\u00a0Mi experiencia hasta el momento es muy enriquecedora&#8230;\u00bb &#8211; Mariela Buccafusca.<\/p>\n<p>\u00abEstudiar en esta escuela verdaderamente me ha ayudado a visualizar la educaci\u00f3n de manera distinta donde se permite ser m\u00e1s flexible y donde la colaboraci\u00f3n es un criterio importante. Sin la colaboraci\u00f3n pienso que no hay innovaci\u00f3n. Esta manera de educar permite que individuo pueda desarrollarse de acuerdo a sus inteligencias interiores como menciona Wagner. Me gustaria ser parte de los nuevos cursos de innovacion. Invito a todos los que puedan a ser parte de esta experiencia rica en conocimiento y aprendizaje genuino donde todos aportamos\u00bb. Rub\u00e9n Ocasio Diaz\u00a0(Puerto Rico).<\/p>\n<p>\u00abLas propuestas son mas que interesantes, atractivas, innovadoras y muy creativas\u00bb. Gonzalo del Campo.<\/p>\n<p>\u00abCreo que la base de todo es seguir y seguir aprendiendo. Cuando se termina eso, se termina todo, con lo cual apoyo y felicito todas estas propuestas que son super enriquecedoras. Me parece que est\u00e1 todo el material cuidado, din\u00e1mico y por ahora me gusta mucho\u00bb. Ver\u00f3nica Aides.<\/p>\n<p>\u00abPensar en todas las experiencias posibles que pueden resultar innovadoras y movilizadoras para los profesores de ambos niveles primario como secundario. Sobre todo motivar la creatividad en los docentes. Es muy com\u00fan\u00a0 escuchar esto, no tener creatividad para dise\u00f1ar una practica educativa, tal vez:es necesario retomar estos dos factores que destaca la propuesta:<br \/>\n&#8211; Frente a la realidad de que debemos continuar aprendiendo para mejorar en el plano personal y profesional.<br \/>\n&#8211; El grado de creatividad y las ganas de hacer de nuestras clases una verdadera experiencia de aprendizaje significativo para nuestros alumnos.\u00a0Nos seguimos leyendo, estamos en contacto\u00bb. Silvia Daniela Barraza.<\/p>\n<p>\u00abEstoy muy contento por aprender con Ustedes y las edificantes opiniones y conceptos de mis compa\u00f1eros. Un espacio acad\u00e9mico-virtual que da mucha tranquilidad con los apuntes y gu\u00edas conceptuales. Muy c\u00f3modo a la hora de enfrentar mis actividades \u00e1ulicas con las propuestas vertidas en esta escuela.<br \/>\nEn s\u00edntesis, lleno de ganas siempre de aprender y llevar nuevas ideas innovadoras a mis colegas y alumnos.\u00a0A seguir estudiando!!!\u00bb. H\u00e9ctor Atilio Cen\u00f3z.<\/p>\n<p>\u00abSi tengo que hablar de mi experiencia en la escuela CREABOTICOS, les cuento que es super motivadora. \u00a0No es la primera vez que participo de propuestas del Programa e-ducadores. Y la verdad, es que todas fueron de mucho aprendizaje y de inspiraci\u00f3n para mis clases.<br \/>\nEn este caso, las actividades son variadas, creativas, para pensar y para recrearse. \u00a0Nos encontramos con gente de diversos lugares y con distintas experiencias, lo que enriquece a\u00fan m\u00e1s el aprendizaje. \u00a0Espero cada semana para participar y realizar \u00abla tarea\u00bb.\u00a0 Adem\u00e1s, siempre hay una devoluci\u00f3n tanto de los profesores como de los compa\u00f1eros lo que resulta a\u00fan mas motivador. \u00a0Es importante tener este feedback porque de lo contrario se perder\u00eda la motivaci\u00f3n\u00bb. Mar\u00eda Silvina Fern\u00e1ndez.<\/p><\/blockquote>\n<div class=\"pvc_clear\"><\/div>\n<p class=\"pvc_stats all \" data-element-id=\"113\" style=\"\"><i class=\"pvc-stats-icon medium\" aria-hidden=\"true\"><svg aria-hidden=\"true\" focusable=\"false\" data-prefix=\"far\" data-icon=\"chart-bar\" role=\"img\" xmlns=\"http:\/\/www.w3.org\/2000\/svg\" viewBox=\"0 0 512 512\" class=\"svg-inline--fa fa-chart-bar fa-w-16 fa-2x\"><path fill=\"currentColor\" d=\"M396.8 352h22.4c6.4 0 12.8-6.4 12.8-12.8V108.8c0-6.4-6.4-12.8-12.8-12.8h-22.4c-6.4 0-12.8 6.4-12.8 12.8v230.4c0 6.4 6.4 12.8 12.8 12.8zm-192 0h22.4c6.4 0 12.8-6.4 12.8-12.8V140.8c0-6.4-6.4-12.8-12.8-12.8h-22.4c-6.4 0-12.8 6.4-12.8 12.8v198.4c0 6.4 6.4 12.8 12.8 12.8zm96 0h22.4c6.4 0 12.8-6.4 12.8-12.8V204.8c0-6.4-6.4-12.8-12.8-12.8h-22.4c-6.4 0-12.8 6.4-12.8 12.8v134.4c0 6.4 6.4 12.8 12.8 12.8zM496 400H48V80c0-8.84-7.16-16-16-16H16C7.16 64 0 71.16 0 80v336c0 17.67 14.33 32 32 32h464c8.84 0 16-7.16 16-16v-16c0-8.84-7.16-16-16-16zm-387.2-48h22.4c6.4 0 12.8-6.4 12.8-12.8v-70.4c0-6.4-6.4-12.8-12.8-12.8h-22.4c-6.4 0-12.8 6.4-12.8 12.8v70.4c0 6.4 6.4 12.8 12.8 12.8z\" class=\"\"><\/path><\/svg><\/i> &nbsp;1,620&nbsp;total views<\/p>\n<div class=\"pvc_clear\"><\/div>\n","protected":false},"excerpt":{"rendered":"<p>Invitamos, a algunos de nuestros alumnos, a brindarnos una opini\u00f3n con respecto a sus recorridos y experiencia en la EV.<\/p>\n<div class=\"pvc_clear\"><\/div>\n<p class=\"pvc_stats all \" data-element-id=\"113\" style=\"\"><i class=\"pvc-stats-icon medium\" aria-hidden=\"true\"><svg aria-hidden=\"true\" focusable=\"false\" data-prefix=\"far\" data-icon=\"chart-bar\" role=\"img\" xmlns=\"http:\/\/www.w3.org\/2000\/svg\" viewBox=\"0 0 512 512\" class=\"svg-inline--fa fa-chart-bar fa-w-16 fa-2x\"><path fill=\"currentColor\" d=\"M396.8 352h22.4c6.4 0 12.8-6.4 12.8-12.8V108.8c0-6.4-6.4-12.8-12.8-12.8h-22.4c-6.4 0-12.8 6.4-12.8 12.8v230.4c0 6.4 6.4 12.8 12.8 12.8zm-192 0h22.4c6.4 0 12.8-6.4 12.8-12.8V140.8c0-6.4-6.4-12.8-12.8-12.8h-22.4c-6.4 0-12.8 6.4-12.8 12.8v198.4c0 6.4 6.4 12.8 12.8 12.8zm96 0h22.4c6.4 0 12.8-6.4 12.8-12.8V204.8c0-6.4-6.4-12.8-12.8-12.8h-22.4c-6.4 0-12.8 6.4-12.8 12.8v134.4c0 6.4 6.4 12.8 12.8 12.8zM496 400H48V80c0-8.84-7.16-16-16-16H16C7.16 64 0 71.16 0 80v336c0 17.67 14.33 32 32 32h464c8.84 0 16-7.16 16-16v-16c0-8.84-7.16-16-16-16zm-387.2-48h22.4c6.4 0 12.8-6.4 12.8-12.8v-70.4c0-6.4-6.4-12.8-12.8-12.8h-22.4c-6.4 0-12.8 6.4-12.8 12.8v70.4c0 6.4 6.4 12.8 12.8 12.8z\" class=\"\"><\/path><\/svg><\/i> &nbsp;1,620&nbsp;total views<\/p>\n<div class=\"pvc_clear\"><\/div>\n","protected":false},"author":1,"featured_media":0,"parent":0,"menu_order":0,"comment_status":"closed","ping_status":"closed","template":"","meta":[],"_links":{"self":[{"href":"https:\/\/e-ducadores.org\/escuela\/wp-json\/wp\/v2\/pages\/113"}],"collection":[{"href":"https:\/\/e-ducadores.org\/escuela\/wp-json\/wp\/v2\/pages"}],"about":[{"href":"https:\/\/e-ducadores.org\/escuela\/wp-json\/wp\/v2\/types\/page"}],"author":[{"embeddable":true,"href":"https:\/\/e-ducadores.org\/escuela\/wp-json\/wp\/v2\/users\/1"}],"replies":[{"embeddable":true,"href":"https:\/\/e-ducadores.org\/escuela\/wp-json\/wp\/v2\/comments?post=113"}],"version-history":[{"count":16,"href":"https:\/\/e-ducadores.org\/escuela\/wp-json\/wp\/v2\/pages\/113\/revisions"}],"predecessor-version":[{"id":245,"href":"https:\/\/e-ducadores.org\/escuela\/wp-json\/wp\/v2\/pages\/113\/revisions\/245"}],"wp:attachment":[{"href":"https:\/\/e-ducadores.org\/escuela\/wp-json\/wp\/v2\/media?parent=113"}],"curies":[{"name":"wp","href":"https:\/\/api.w.org\/{rel}","templated":true}]}}